 digit of t?
6
Let w = -6 + 39. What is the tens digit of w?
3
Let k(s) = s**3 - s**2 - s. Let z(b) = -b**3 + 8*b**2 + 4. Let q be z(8). What is the tens digit of k(q)?
4
Let r(v) = v + 32. What is the units digit of r(-6)?
6
Suppose 78 = 5*m - 102. What is the tens digit of m?
3
Let k = 1 - -1. Suppose -6*o + k*o + 16 = 0. What is the units digit of o?
4
Let o(b) = -2*b - 12. Let p = -12 - -4. Let l be o(p). Suppose l*k = -k + 35. What is the units digit of k?
7
Let a = 13 + -9. Let w(s) = 4 + 4*s**2 - 2 + a*s**2 + s**3 + 6*s. What is the units digit of w(-7)?
9
Let l(q) = -q**2 - 5*q - 4. Let k be (-4)/3*(1 + 2). Let d be l(k). Suppose 14 = b - d*b. What is the tens digit of b?
1
Let f = 13 + -9. Let w(n) = -n**2 + 4*n + 4. What is the units digit of w(f)?
4
Let a = 15 + -5. What is the tens digit of a?
1
Let m = 6 - 11. Let a = 7 + m. Suppose 3*q - 29 + a = 0. What is the units digit of q?
9
Let a(r) = -r**3 + 7*r**2 - 5*r + 3. Let j be a(4). Let z = j + 21. What is the units digit of z?
2
Suppose 0 = 5*l - 3 - 12. What is the units digit of l?
3
Let l(t) = -t**3 - 4*t**2 + 4*t - 2. Let p be l(-4). Let f be (24/p)/((-4)/6). Suppose 39 = o + f*o. What is the units digit of o?
3
Suppose -4*f + 2 = -2*f. Let g be 1 + 1 + 2/f. Suppose -5*c - 3*j + 6 = -5, g = 2*j. What is the units digit of c?
1
Let c(s) = -4 + 4 + 5*s + 2. What is the units digit of c(5)?
7
Suppose 3*l - 2 = 4. Suppose l*y - y - 4 = 0. Suppose -3*h = -2*i - 0*h + 1, -10 = -y*i - 2*h. What is the units digit of i?
2
Suppose -47 = -2*y + 17. What is the tens digit of y?
3
Let y be (-1 - -5) + -1 - -29. What is the tens digit of -2 + y - (-2)/(-2)?
2
Let o(t) = t**3 + 6*t**2 + 3*t - 6. What is the tens digit of o(3)?
8
Suppose l = -7 + 10. What is the units digit of l?
3
Suppose 4*g - 10 + 99 = s, -5*g = 5*s - 445. What is the tens digit of s?
8
Let u(o) = -o**3 - 7*o**2 + 10. Let s be (68/6)/((-4)/6). Let a = s - -10. What is the units digit of u(a)?
0
Suppose 0 = z - 6*z + 855. What is the tens digit of z?
7
Let w(u) be the second derivative of -u**5/20 - 5*u**4/12 + u**3/6 + u**2/2 + 2*u. Let b be w(-5). What is the units digit of (-6)/b - (-1)/2?
2
Let n = 28 + -19. Suppose n + 5 = k. What is the tens digit of k?
1
Let v be 28/(-16) + (-1)/4. What is the units digit of (0 - 2 - v) + 8?
8
Suppose -3 = d + 1, 5*l - 2*d = 18. Suppose -l*g - 6 = -3*j, 0 = -g - j + 2*j - 2. Suppose 2*a - a - 2 = g. What is the units digit of a?
2
Let t be 2 - (-2 + 10 - 2). Let v(l) be the third derivative of -l**4/24 + l**2. What is the units digit of v(t)?
4
Let h(f) = -f**3 + 5*f**2 - 4*f. Let s be h(3). Let m(t) = 4*t + 6. What is the tens digit of m(s)?
3
Let v = 1 - -4. What is the units digit of v?
5
Let g = -26 + 15. Let v = g - -19. What is the units digit of v?
8
Let i(v) = v**2 - 5*v - 29. What is the units digit of i(10)?
1
Suppose -6*u + u = -20. Suppose -5*r + u*x + 67 = 0, 9*r + 4*x = 4*r + 43. What is the units digit of r?
1
Let g = 52 + -31. What is the units digit of g?
1
Let c(g) = g**3 - g**2 + g. Let t be c(1). Let q = 2 - -7. What is the units digit of t*(-2)/((-6)/q)?
3
Suppose 0 = 5*w - 3*z - 216, -75 = w - 3*w + 5*z. What is the tens digit of w?
4
Let w = -11 - -19. What is the units digit of (-12)/w*(-6)/1?
9
Suppose 4*a - 215 = -a. What is the tens digit of a?
4
What is the units digit of (12/10)/(3/50)?
0
Let q = 3 + -9. Let r = -1 - q. What is the units digit of r?
5
Suppose 2*f = f + 1. What is the units digit of 1 + (7 - 1) + f?
8
Let m = -23 - -34. Let k = m - 5. What is the units digit of k?
6
Suppose -5*g + 2*g - 5*t - 20 = 0, 3*g - 8 = 2*t. Let x = g - -2. Suppose -3*a = 15, f - 2*a - 5 = x*f. What is the units digit of f?
5
Let c(s) be the second derivative of s**4/12 - s**3/6 + 3*s**2/2 + 8*s. What is the units digit of c(-4)?
3
Let j(r) = r**2 - 7*r + 2. Let v be j(7). Suppose 11 = 3*o + v*d, -5*o = d - 12 - 18. What is the units digit of o?
7
Let i(m) = m**3 + 14*m**2 + 7*m - 9. What is the units digit of i(-13)?
9
Suppose -2 = 3*z - q - 79, -q = -2*z + 52. What is the units digit of z?
5
Suppose -3*z = -9*t + 4*t + 3, 0 = 3*t - 5*z + 11. Suppose -t*u + 55 + 62 = 0. What is the tens digit of u?
3
Let z = 143 - 8. What is the hundreds digit of z?
1
What is the tens digit of 2*(-3 - -15) - -4?
2
Let b = -8 - -1. Let v(t) = t**3 + 7*t**2 - t - 3. Let i be v(b). Suppose -2*c - 8 = -i*c. What is the units digit of c?
4
Suppose 2*x - 8 = 2. What is the units digit of x?
5
Let x(i) = i + 8. Let k be (-2)/7 + 5/(-7). Let o be (1 + k)/(-2 + 1). What is the units digit of x(o)?
8
Suppose -5*h + 80 - 20 = 4*w, 3*h + 3*w = 36. Suppose -3*u - h = y - 3*y, 4*u + 12 = 4*y. What is the tens digit of 14 + (u/2 - -2)?
1
Let c = 559 + -335. What is the tens digit of c?
2
Suppose -4*l - 13 = -o, 0 = o + o - l - 19. Let z = o + 1. Suppose 2*r = -5*p + 5*r - 4, -p + z = 3*r. What is the units digit of p?
1
Let u(j) = j**2 + 9*j + 2. Let z be u(-7). Let p = z - -26. Suppose 24 = 4*k - 4*g, -2*k - g = -2*g - p. What is the units digit of k?
8
Let i(d) = -d**2 - 14*d - 13. Let y be i(-6). Suppose -y = -6*o + 25. What is the tens digit of o?
1
Let a = 10 - 8. Suppose 0 = -0*v - a*v. Suppose v = 2*g + 3*g - 15. What is the units digit of g?
3
Suppose -5*z + 3*z = -4, -g - 2*z - 2 = 0. Let j = -3 - g. What is the units digit of j?
3
Let r(u) = u**2 - u + 34. What is the tens digit of r(0)?
3
Let v = 19 - 8. What is the tens digit of v?
1
Suppose -23 = 4*d + 13. What is the units digit of 1 - 2*d*1?
9
Let p = 2 + 7. Suppose 3*r + 13 = -5*v, -4*r + p = -5*v + 3. What is the units digit of (-1*2 + -8)*r?
0
Let g(x) = 60*x + 2. Let f be g(3). Suppose f = 5*r + 12. What is the units digit of r?
4
Suppose 7*x = 4*x. Suppose 3*s - 93 = -x*s. What is the units digit of s?
1
Suppose -2*t + 82 = -t + 4*i, i - 5 = 0. Suppose 17 - t = -5*h. What is the units digit of h?
9
Let c(o) = 2*o - 1. What is the units digit of c(16)?
1
Let i = -27 - -82. Let u = i - 38. What is the units digit of u?
7
Suppose 2*y + 116 = 6*y. Suppose -2*c + 31 = -c - 4*n, c - 2*n = y. What is the tens digit of c?
2
Let w = 14 - 7. Suppose -w = -3*u - 1. What is the units digit of u?
2
Let i(z) = z**3 - 6*z**2 + 4*z + 5. Let j be i(5). Suppose r + 4*r = j. Suppose r = -2*f + 6*f - 16. What is the units digit of f?
4
Suppose 0 = -6*q - 0*q + 1140. What is the units digit of q?
0
Let h = -72 + 113. What is the units digit of h?
1
Suppose 9*d - 12*d = -36. What is the units digit of d*4/((-32)/(-36))?
4
Suppose 56 = 5*d - 14. Suppose 174 = 4*b - d. Let n = b + -28. What is the tens digit of n?
1
Suppose 36 = 5*t - 129. What is the tens digit of t?
3
Suppose -5*k + 0*d = -4*d - 21, -5*k - 3*d = 7. What is the units digit of 21 - 2*(k + 0)?
9
Let x be (-6)/9 - 146/(-3). Suppose -s = s + 5*d - x, -5*d = -10. What is the units digit of s?
9
Let l(d) = -d**3 - 9*d**2 - 15*d + 8. What is the tens digit of l(-8)?
6
Suppose -498 - 172 = -5*h. What is the units digit of h?
4
Let o be ((-2)/(-1))/(10/55). Let x = o + -8. Suppose s + x*q - 18 = 0, 4*s = q + 32 + 14. What is the units digit of s?
2
Suppose 0 = -s - 0*s + 12. Suppose -r = 2*r + s. What is the units digit of 3/4 - 5/r?
2
Let x(k) = k**3 + 16*k**2 + 4*k - 12. What is the units digit of x(-15)?
3
Let a = 16 + -12. Suppose -c = -j - 4, -c - c = 2*j + a. What is the units digit of c?
1
Suppose c - 5 = -0*c. Suppose -4*p + 8 = 0, -2*p = -u + c*u - 28. What is the units digit of (-46)/(-6) + (-4)/u?
7
Let l = -5 + -6. Let h(m) = -m - 10. What is the units digit of h(l)?
1
Suppose 0*c - 40 = 5*c. Let w = c + 12. What is the units digit of w?
4
Suppose -6 + 22 = -2*t. Let u(f) = f**2 + 7*f + 5. What is the tens digit of u(t)?
1
Let a = 60 - 35. Let u = a - 1. What is the units digit of u?
4
Suppose k - 4*k = -21. Let y(l) = 2*l**2 + 5*l + 6 - 12*l - l**2. What is the units digit of y(k)?
6
Suppose 2*y - 6 = -14. Suppose -4*b = -8*b - 32. Let c = y - b. What is the units digit of c?
4
Suppose 0 = c - 2*c + 6. Suppose 3*i = c*i - 18. What is the units digit of (6/4)/(i/20)?
5
Let u be 42/(-9)*(-6)/4. Let f = -7 + u. Suppose 4*z = -f*z + 3*l + 17, 6 = -2*l. What is the units digit of z?
2
Let w = -39 + 74. What is the units digit of w?
5
Let y = 13 + -11. Suppose -y*j + 31 = -j. W